{"id":685,"date":"2025-07-17T17:47:29","date_gmt":"2025-07-17T15:47:29","guid":{"rendered":"https:\/\/iloveburger.eu\/paris\/?post_type=product&#038;p=685"},"modified":"2025-09-11T08:46:15","modified_gmt":"2025-09-11T06:46:15","slug":"%f0%9f%a7%80-raclette-obsession","status":"publish","type":"product","link":"https:\/\/iloveburger.eu\/paris\/produit\/%f0%9f%a7%80-raclette-obsession\/","title":{"rendered":"SMASH RACLETTE \ud83e\uddc0"},"content":{"rendered":"<p>Potato bun tendre, raclette fondue, cheddar cr\u00e9meux, viande grill\u00e9e, oignon caram\u00e9lis\u00e9. Quand le fromage fond comme un c\u0153ur amoureux.<\/p>\n","protected":false},"excerpt":{"rendered":"<p>Potato bun tendre, raclette fondue, cheddar cr\u00e9meux, viande grill\u00e9e, oignon caram\u00e9lis\u00e9. Quand le fromage fond comme un c\u0153ur amoureux.<\/p>\n","protected":false},"featured_media":941,"template":"","meta":[],"product_brand":[],"product_cat":[16],"product_tag":[],"class_list":{"0":"post-685","1":"product","2":"type-product","3":"status-publish","4":"has-post-thumbnail","6":"product_cat--smash-burger","7":"tm-has-options","9":"first","10":"instock","11":"shipping-taxable","12":"purchasable","13":"product-type-simple"},"_links":{"self":[{"href":"https:\/\/iloveburger.eu\/paris\/wp-json\/wp\/v2\/product\/685","targetHints":{"allow":["GET"]}}],"collection":[{"href":"https:\/\/iloveburger.eu\/paris\/wp-json\/wp\/v2\/product"}],"about":[{"href":"https:\/\/iloveburger.eu\/paris\/wp-json\/wp\/v2\/types\/product"}],"wp:featuredmedia":[{"embeddable":true,"href":"https:\/\/iloveburger.eu\/paris\/wp-json\/wp\/v2\/media\/941"}],"wp:attachment":[{"href":"https:\/\/iloveburger.eu\/paris\/wp-json\/wp\/v2\/media?parent=685"}],"wp:term":[{"taxonomy":"product_brand","embeddable":true,"href":"https:\/\/iloveburger.eu\/paris\/wp-json\/wp\/v2\/product_brand?post=685"},{"taxonomy":"product_cat","embeddable":true,"href":"https:\/\/iloveburger.eu\/paris\/wp-json\/wp\/v2\/product_cat?post=685"},{"taxonomy":"product_tag","embeddable":true,"href":"https:\/\/iloveburger.eu\/paris\/wp-json\/wp\/v2\/product_tag?post=685"}],"curies":[{"name":"wp","href":"https:\/\/api.w.org\/{rel}","templated":true}]}}