{"id":744,"date":"2025-07-17T17:53:36","date_gmt":"2025-07-17T15:53:36","guid":{"rendered":"https:\/\/iloveburger.eu\/paris\/?post_type=product&#038;p=744"},"modified":"2026-02-18T19:17:31","modified_gmt":"2026-02-18T18:17:31","slug":"%f0%9f%94%a5-chorizo-heatwave","status":"publish","type":"product","link":"https:\/\/iloveburger.eu\/paris\/produit\/%f0%9f%94%a5-chorizo-heatwave\/","title":{"rendered":"SMASH BLUE \ud83d\udc99"},"content":{"rendered":"","protected":false},"excerpt":{"rendered":"<p>Potato bun dor\u00e9, viande smash\u00e9e, bleu d\u2019Auvergne, cheddar, miel doux, moutarde. Pour les \u00e2mes sensibles au sucr\u00e9-sal\u00e9\u2026 le burger qui bouleverse<\/p>\n","protected":false},"featured_media":946,"template":"","meta":[],"product_brand":[],"product_cat":[16],"product_tag":[],"class_list":{"0":"post-744","1":"product","2":"type-product","3":"status-publish","4":"has-post-thumbnail","6":"product_cat--smash-burger","7":"tm-has-options","9":"first","10":"instock","11":"shipping-taxable","12":"purchasable","13":"product-type-simple"},"_links":{"self":[{"href":"https:\/\/iloveburger.eu\/paris\/wp-json\/wp\/v2\/product\/744","targetHints":{"allow":["GET"]}}],"collection":[{"href":"https:\/\/iloveburger.eu\/paris\/wp-json\/wp\/v2\/product"}],"about":[{"href":"https:\/\/iloveburger.eu\/paris\/wp-json\/wp\/v2\/types\/product"}],"wp:featuredmedia":[{"embeddable":true,"href":"https:\/\/iloveburger.eu\/paris\/wp-json\/wp\/v2\/media\/946"}],"wp:attachment":[{"href":"https:\/\/iloveburger.eu\/paris\/wp-json\/wp\/v2\/media?parent=744"}],"wp:term":[{"taxonomy":"product_brand","embeddable":true,"href":"https:\/\/iloveburger.eu\/paris\/wp-json\/wp\/v2\/product_brand?post=744"},{"taxonomy":"product_cat","embeddable":true,"href":"https:\/\/iloveburger.eu\/paris\/wp-json\/wp\/v2\/product_cat?post=744"},{"taxonomy":"product_tag","embeddable":true,"href":"https:\/\/iloveburger.eu\/paris\/wp-json\/wp\/v2\/product_tag?post=744"}],"curies":[{"name":"wp","href":"https:\/\/api.w.org\/{rel}","templated":true}]}}